he remainder when 11405 is divided by 17?
15
Calculate the remainder when 2408 is divided by 483.
476
What is the remainder when 157743 is divided by 37?
12
What is the remainder when 7244 is divided by 31?
21
Calculate the remainder when 21822 is divided by 590.
582
Calculate the remainder when 388253 is divided by 31.
9
Calculate the remainder when 14444 is divided by 31.
29
Calculate the remainder when 3458 is divided by 192.
2
What is the remainder when 90664 is divided by 417?
175
What is the remainder when 36837 is divided by 226?
225
What is the remainder when 152148 is divided by 418?
414
What is the remainder when 2905 is divided by 182?
175
Calculate the remainder when 131203 is divided by 227.
224
What is the remainder when 45707 is divided by 134?
13
Calculate the remainder when 747502 is divided by 1150.
2
What is the remainder when 8343 is divided by 23?
17
What is the remainder when 1339 is divided by 367?
238
What is the remainder when 5852 is divided by 293?
285
Calculate the remainder when 7946 is divided by 1132.
22
Calculate the remainder when 7226 is divided by 82.
10
Calculate the remainder when 464 is divided by 136.
56
Calculate the remainder when 34666 is divided by 330.
16
Calculate the remainder when 1227599 is divided by 90.
89
What is the remainder when 283007 is divided by 192?
191
Calculate the remainder when 4269 is divided by 364.
265
Calculate the remainder when 3239 is divided by 3070.
169
What is the remainder when 94162 is divided by 6?
4
Calculate the remainder when 1649 is divided by 725.
199
What is the remainder when 4402 is divided by 2161?
80
What is the remainder when 29118 is divided by 442?
388
Calculate the remainder when 128786 is divided by 27.
23
Calculate the remainder when 3914 is divided by 405.
269
What is the remainder when 1028 is divided by 23?
16
What is the remainder when 125290 is divided by 6?
4
Calculate the remainder when 47301 is divided by 1126.
9
Calculate the remainder when 16710 is divided by 404.
146
Calculate the remainder when 41865 is divided by 530.
525
What is the remainder when 240820 is divided by 560?
20
What is the remainder when 1295 is divided by 14?
7
Calculate the remainder when 1711 is divided by 28.
3
Calculate the remainder when 3657 is divided by 365.
7
Calculate the remainder when 12587 is divided by 4185.
32
What is the remainder when 915 is divided by 281?
72
What is the remainder when 496229 is divided by 44?
41
What is the remainder when 44587 is divided by 314?
313
Calculate the remainder when 42400 is divided by 62.
54
Calculate the remainder when 164372 is divided by 413.
411
Calculate the remainder when 37197 is divided by 18581.
35
What is the remainder when 72665 is divided by 11?
10
What is the remainder when 787681 is divided by 262543?
52
Calculate the remainder when 5474 is divided by 24.
2
What is the remainder when 1013 is divided by 274?
191
What is the remainder when 1731784 is divided by 407?
406
What is the remainder when 1630 is divided by 805?
20
What is the remainder when 2358 is divided by 2316?
42
What is the remainder when 364835 is divided by 4930?
15
What is the remainder when 16154 is divided by 40?
34
What is the remainder when 13191 is divided by 507?
9
Calculate the remainder when 7870 is divided by 419.
328
Calculate the remainder when 11229 is divided by 74.
55
Calculate the remainder when 3144 is divided by 119.
50
What is the remainder when 147369 is divided by 24552?
57
What is the remainder when 101074 is divided by 26?
12
Calculate the remainder when 57413 is divided by 214.
61
What is the remainder when 9670 is divided by 9456?
214
What is the remainder when 314787 is divided by 16?
3
What is the remainder when 24735 is divided by 42?
39
What is the remainder when 2191 is divided by 2170?
21
Calculate the remainder when 69889 is divided by 2408.
57
Calculate the remainder when 7171 is divided by 2125.
796
Calculate the remainder when 181 is divided by 42.
13
What is the remainder when 784162 is divided by 73?
69
Calculate the remainder when 7392 is divided by 34.
14
What is the remainder when 181533 is divided by 181532?
1
What is the remainder when 2377 is divided by 4?
1
What is the remainder when 1278201 is divided by 751?
750
Calculate the remainder when 11689 is divided by 772.
109
What is the remainder when 2935418 is divided by 713?
710
What is the remainder when 194849 is divided by 64947?
8
What is the remainder when 1174252 is divided by 57?
52
Calculate the remainder when 5710 is divided by 1900.
10
What is the remainder when 31854 is divided by 12?
6
What is the remainder when 980 is divided by 346?
288
What is the remainder when 29775 is divided by 2050?
1075
Calculate the remainder when 32999 is divided by 71.
55
What is the remainder when 70302 is divided by 957?
441
What is the remainder when 4064 is divided by 817?
796
Calculate the remainder when 66255 is divided by 44.
35
What is the remainder when 69368 is divided by 41?
37
What is the remainder when 43916 is divided by 25?
16
Calculate the remainder when 109486 is divided by 296.
262
Calculate the remainder when 6304 is divided by 5655.
649
What is the remainder when 7448 is divided by 809?
167
What is the remainder when 189413 is divided by 147?
77
What is the remainder when 11173 is divided by 2?
1
What is the remainder when 7776 is divided by 105?
6
Calculate the remainder when 12339 is divided by 362.
31
Calculate the remainder when 3372 is divided by 420.
12
Calculate the remainder when 19200 is divided by 6400.
0
Calculate the remainder when 7083 is divided by 1014.
999
What is the remainder when 11896 is divided by 85?
81
Calculate the remainder when 60101 is divided by 398.
3
Calculate the remainder when 2705 is divided by 118.
109
What is the remainder when 558763 is divided by 19?
11
Calculate the remainder when 264921 is divided by 17.
10
What is the remainder when 17394 is divided by 1242?
6
What is the remainder when 1011 is divided by 131?
94
What is the remainder when 3352 is divided by 265?
172
What is the remainder when 6555 is divided by 1092?
3
Calculate the remainder when 11938 is divided by 3960.
58
What is the remainder when 68096 is divided by 4255?
16
Calculate the remainder when 41066 is divided by 133.
102
Calculate the remainder when 2483 is divided by 1171.
141
Calculate the remainder when 75002 is divided by 23.
22
What is the remainder when 141816 is divided by 70902?
12
What is the remainder when 4119 is divided by 31?
27
What is the remainder when 8470 is divided by 53?
43
What is the remainder when 411666 is divided by 223?
8
Calculate the remainder when 79253 is divided by 838.
481
What is the remainder when 14353 is divided by 67?
15
Calculate the remainder when 6448 is divided by 131.
29
What is the remainder when 715166 is divided by 347?
346
What is the remainder when 292376 is divided by 60?
56
What is the remainder when 62037 is divided by 85?
72
Calculate the remainder when 4659 is divided by 948.
867
What is the remainder when 32084 is divided by 14?
10
Calculate the remainder when 19336 is divided by 538.
506
What is the remainder when 31109 is divided by 10?
9
What is the remainder when 2165 is divided by 1016?
133
Calculate the remainder when 27801 is divided by 403.
397
Calculate the remainder when 13662 is divided by 14.
12
What is the remainder when 7014 is divided by 2273?
195
Calculate the remainder when 190214 is divided by 15.
14
Calculate the remainder when 6469 is divided by 34.
9
What is the remainder when 13337 is divided by 116?
113
Calculate the remainder when 24080 is divided by 1503.
32
What is the remainder when 96012 is divided by 4800?
12
What is the remainder when 9335 is divided by 618?
65
Calculate the remainder when 44663 is divided by 5582.
7
What is the remainder when 767 is divided by 176?
63
Calculate the remainder when 381640 is divided by 381626.
14
What is the remainder when 161 is divided by 94?
67
Calculate the remainder when 16301 is divided by 39.
38
What is the remainder when 279 is divided by 197?
82
Calculate the remainder when 30230 is divided by 292.
154
Calculate the remainder when 37039 is divided by 363.
13
What is the remainder when 34295 is divided by 196?
